uppose -s - 4*n = 31, 4*n - 16 + 69 = -3*s. Let q = 1 - s. What is the units digit of q?
2
Let y be 1/((-2)/36*-1). Let h be y/(-8) - 1/(-4). What is the units digit of h - (-5 - -2) - -2?
3
Suppose 0 = 4*a - 9*a - 30. Let x = a - -17. What is the tens digit of x?
1
Let o(z) = 6*z + 9. Let k(h) = -3*h - 5. Let a(l) = -11*k(l) - 6*o(l). Suppose -3*i + 3*y - 8*y = 1, -3*i + 4*y = 10. What is the units digit of a(i)?
7
Suppose -s - 52 = -106. What is the units digit of s?
4
Suppose 3*l - 2*a + 7*a - 17 = 0, -4*a = 8. Suppose -4*q + 4*i - 7 = l, q - 5*i + 16 = 0. What is the units digit of 7 + 0/3 + q?
6
Let s(b) = -3*b + 9. Let c be s(3). Suppose 3*w - 48 = 3*t, c = 4*w + 4*t + 12 - 44. What is the units digit of w?
2
Let t(q) = -q**2 - 13*q - 7. What is the units digit of t(-12)?
5
Let g = 62 - 17. What is the units digit of g?
5
Suppose -4 = -w + 3*w. Let o be w/(-2) - (-2 - -3). Suppose o = 2*d + 5*x + 13, -5*d + 4*x + 50 = -0*x. What is the units digit of d?
6
Let c be -7 + (2 + 1 - 0). Let q = c - -8. What is the units digit of q?
4
Let j be 9/(-6)*-2*4. Suppose 25 = 4*y + 3*r, -5 = -y + 4*r - 13. Suppose 2*s = y*s - j. What is the units digit of s?
6
Let j be ((-4)/(-3))/(1/18). Suppose j = 3*y - 0*y. Suppose 16 = 3*d - y. What is the units digit of d?
8
Let s = 127 + -88. What is the tens digit of s?
3
Let g = -5 + 7. Suppose -43 = -5*p - 2*z, -g*p = -z - 3 - 7. What is the units digit of p?
7
Suppose 5*m - 2*d = 131, 4*m + 2*d - 88 - 6 = 0. What is the tens digit of m?
2
Suppose -3*j - 3 = 0, 2*j = 4*l - 9 - 9. Suppose 4*g - 54 = -h, 0*g - l*h - 50 = -3*g. What is the units digit of g?
4
Let s = -29 - -32. Suppose 127 = 3*k - k + s*g, 3*g = 15. What is the tens digit of k?
5
Suppose 33*z - 28*z - 430 = 0. What is the tens digit of z?
8
Let h be (-2)/(-5) - (-4)/(-10). Suppose 3 = v + 2*p - 3, 5*v - 3*p - 4 = h. What is the units digit of v?
2
Let h be 1/(-3 + 302/100). Let a = h - 32. What is the tens digit of a?
1
Let w(i) = i**3 - i**2 - i + 4. Let q be w(0). Suppose 2*r + 10 = q*r. What is the units digit of r?
5
Let g(t) = t + 3. Let p be g(-3). Let h be (-2)/(-8) + 22/8. Suppose -h*u + 12 = -p*u. What is the units digit of u?
4
Suppose 1 = 4*x - 11. Suppose -x*c + 6*c = 6. Suppose c*i = -3 + 7. What is the units digit of i?
2
Suppose 5*b - 14 - 6 = 0. Suppose 5*v = b*r + 47, -2*r + 3 = v + 2. What is the units digit of v?
7
Suppose 3*d = -5*f + 130, f - 2*d - d = 44. What is the units digit of f?
9
Let c = 13 + -2. Suppose -5*h + 1 = c, 3*h = -5*n - 6. Let r = n - -1. What is the units digit of r?
1
Suppose 0 = -5*f + 4*z + 103, -3*z + z - 63 = -3*f. What is the units digit of f?
3
Let c(f) = f**3 + 4*f**2 + 4*f + 3. Let j(s) = -s**3 - 3*s**2 + 2. Let b be j(-2). What is the units digit of c(b)?
3
Let r(g) = -g**2 + 3*g - 2. Let q be r(5). What is the units digit of q/((84/8)/(-7))?
8
Suppose -4*s - 1 = -j - 8, j = -2*s + 11. What is the units digit of s/1 + (34 - 5)?
2
Suppose -3*t - 2*n = -27, 8*n = -2*t + 3*n + 18. Suppose 4*k - 2*c + 22 = 0, -k - t = -3*k + 5*c. Let y = -5 - k. What is the units digit of y?
3
Let t(d) = -d**3 + 5*d**2 + 3*d. What is the tens digit of t(-4)?
3
Let x = -206 + 301. What is the tens digit of x?
9
Suppose -a + 3*a + 6 = 0. Let x(i) = -i**3 - i**2 - i - 3. What is the units digit of x(a)?
8
Let a(l) = l**2 - l. Let j be a(-2). Let u be 2 - (j/(-2))/3. Suppose -u*f + 6 = r, -4*r - 6 = -4*f - 62. What is the tens digit of r?
1
Suppose 2*x - 2*y = 254, y = -3*x + 171 + 230. What is the units digit of x?
2
Suppose 2*t - t - 5 = 0. Suppose -48 - 7 = -t*f. What is the tens digit of f?
1
Let m = 8 + -3. Suppose 3*d = m*x + 34, 2*d + 0*x + 5*x = 6. What is the units digit of d?
8
Let o(z) = -z**3 - 8*z**2 - 8*z + 11. What is the tens digit of o(-7)?
1
Let h(z) = -z - 16. Let g be h(-10). Let w(l) = l**2 + 5*l + 3. What is the units digit of w(g)?
9
Let c be (52/(-39))/(4/42). What is the tens digit of c/(-21) - 74/(-6)?
1
Let o(d) = -d + 72. What is the units digit of o(0)?
2
Let s be (-6)/(-10) + (-6)/(-15). What is the units digit of -1*(s - 0)*-2?
2
Let v = 8 - -56. What is the tens digit of v?
6
Let h(z) = -z - 3. Let q be h(-3). Let j be (-6)/(1/(-1) - q). What is the units digit of (-63)/(-6)*4/j?
7
Suppose -f - z = 2*z + 2, 5*f - 85 = 4*z. Let r(w) = w**3 - 13*w**2 + 3. What is the units digit of r(f)?
3
Suppose q - 4 = 0, -2*d - q = 2*q - 24. Suppose r - 2*m + d*m = 13, -5*m - 22 = -r. What is the tens digit of r?
1
Let l = 67 - 32. What is the units digit of l?
5
Suppose 0 = 5*a - 3*l - 5, -a - 4*l = 2*a - 3. What is the units digit of a?
1
Let u = 8 - -44. Let h = u - 172. What is the units digit of (-1)/(-3) + h/(-18)?
7
Let m(j) = -j**3 + 9*j**2 - 7*j + 17. What is the tens digit of m(7)?
6
Let y = -3 + 2. Let w = y - -5. Suppose -20 = -5*v, 2*k - w*v = -0*v - 8. What is the units digit of k?
4
Suppose -3*q + 33 = -0*q. Suppose 2*s + 5*p - q = 0, 2*s + p = -0*s - 9. Let n = s - -15. What is the units digit of n?
8
Let i be (-4 - -4)*1/2. Let c(m) = m**2 - 3*m + 2. Let q be c(3). Let t = i + q. What is the units digit of t?
2
Let j = 43 + -129. What is the tens digit of j/(-7) - (-4)/(-14)?
1
Let v(a) = a**3 - 6*a**2 + 7*a - 2. Let o be v(5). Suppose 37 = 9*s - o*s. What is the tens digit of s?
3
Suppose -12 = z + z. What is the units digit of z*4/3*-1?
8
Let w(l) = -l**3 + 6*l**2 + 3*l - 5. What is the tens digit of w(5)?
3
Suppose -4*f - 20 = 16. Let q(i) = i**3 + 10*i**2 + 8*i - 7. What is the units digit of q(f)?
2
Let v(h) = -h**3 - 8*h**2 + 3*h + 12. Let p be v(-8). What is the units digit of p/8*116/(-6)?
9
Suppose -3*c = -0*c - 60. Suppose -4*o - o = -c. What is the units digit of o/(-6)*(-27)/2?
9
Let n be (16 - -1) + 4/(-4). Suppose -5*i - 1 = -n. Suppose 3*d = -i*v + 24, 4*d + 0*d - v - 42 = 0. What is the units digit of d?
0
What is the units digit of (-7 - -1)/(4 - 28/6)?
9
What is the tens digit of 1052/7 - (208/(-56) - -4)?
5
Suppose -3*v - v = -8. Let r = v + -2. What is the units digit of 5 - 1*r/(-2)?
5
Let h(s) = -s**3 - 6*s**2 + 6*s. Let w be h(-7). Suppose -3*y - 3*o = -7 + 1, 3*y + 2*o - w = 0. Suppose y*i = i + 8. What is the units digit of i?
4
Let c = -7 - -13. Suppose 1 = -4*p - 3. Let h = p + c. What is the units digit of h?
5
What is the units digit of 196/(-21)*-9*1?
4
What is the units digit of ((-94)/3)/(32/(-48))?
7
Let f(g) = g**3 - 2*g - 3. Let o be f(-2). Let b = o + 27. What is the tens digit of b?
2
Let p(r) = -r + 17. What is the tens digit of p(-13)?
3
Suppose z - 47 = 3*i, 34 = -i - i + 2*z. Let t be 4/(-1) + 11 + -14. Let g = t - i. What is the units digit of g?
8
Let d be 0 - -3 - (0 + 1). What is the units digit of (5/(-2))/(d/(-4))?
5
Suppose x = -5*u - 26, 2*x = 4*x + 4*u + 22. Let j(k) = -38*k + 2. What is the tens digit of j(x)?
4
What is the tens digit of (-2)/(-6)*1*978?
2
Suppose r - 6 = 3*r, 2*h = -3*r + 1171. What is the units digit of (-6)/(-15) + h/25?
4
Let u = -68 - -197. What is the hundreds digit of u?
1
Suppose 2*x + 2*y = 384, 2*y = -3*x + 4*x - 189. What is the units digit of x?
1
Let n be (-2120)/15 + (-12)/(-9). What is the tens digit of (-1 - n/(-12))*-3?
3
Let g = -36 + 58. What is the units digit of g?
2
Suppose -6 = k - 9. Suppose 0 = f - 16 - k. What is the tens digit of f?
1
Suppose -4*x + 470 = -5*a, 4*x - 431 = 4*a + 41. What is the tens digit of x?
2
Let r(k) = -k**3 - k**2 + k + 1. Let h(z) = -4*z**3 - 9*z**2 - z - 6. Let a(q) = h(q) - 3*r(q). What is the units digit of a(-6)?
5
Let s(o) = o**3 + 7*o**2 - 2*o + 1. What is the units digit of s(-6)?
9
Let l = -26 - -32. Let k(u) = -u**3 + 7*u**2 + u - 1. What is the tens digit of k(l)?
4
Let b = 186 + 114. What is the tens digit of b?
0
Suppose k = 6*k - 760. Suppose -15 = -l - 3*m, -4*l = 3*m - k + 47. Suppose -2*i = i - 4*u - l, -2*i + 20 = 3*u. What is the tens digit of i?
1
Let x(y) = -y**3 - 7*y**2 - 4*y - 8. Let n be x(-6). Let t = -1 - n. What is the tens digit of t?
1
Suppose 0 = 4*o - 3*j - 687, -j + 180 = o + j. What is the units digit of o?
4
Let j = -1 - -9. Let p = j - -5. Suppose -6 = 2*c + 4*f, -c + 3*f = -30 + p. What is the units digit of c?
5
Suppose -4*p = -5*n - 564, 0 = -2*p - 4*n - 45 + 353. What is the units digit of p?
6
What is the tens digit of 2/(-